03 + 1301?
-200002
In base 5, what is 341134303 + 0?
341134303
In base 3, what is -12 + -211221011021?
-211221011110
In base 16, what is -3 + -6744?
-6747
In base 7, what is -45 + 3561?
3513
In base 11, what is 32 - -5055?
5087
In base 3, what is 21 - -12022212?
12100010
In base 14, what is 9d5 + -4c?
987
In base 13, what is -1b - 122a1?
-122bc
In base 9, what is 4 + 23848?
23853
In base 10, what is -44 + -3670?
-3714
In base 7, what is 311 + 454?
1065
In base 5, what is -202234 - -1311?
-200423
In base 11, what is 3477a4 + -2?
3477a2
In base 11, what is -2 + 747735?
747733
In base 16, what is 1fb - -18?
213
In base 2, what is -101 - -111000000110000?
111000000101011
In base 13, what is 188 + -2?
186
In base 14, what is -4 - 2d431?
-2d435
In base 5, what is -20 - 31024?
-31044
In base 5, what is -3 - 30102000?
-30102003
In base 4, what is -2111232 - 133?
-2112031
In base 3, what is 2012 - 2002120?
-2000101
In base 8, what is 253 - -164?
437
In base 11, what is -5 + 36488?
36483
In base 4, what is -3030310 + 23?
-3030221
In base 15, what is 10 + -e30?
-e20
In base 2, what is 10011100 + 10101010111?
10111110011
In base 7, what is 152636 + 0?
152636
In base 3, what is 1021 - -20212011?
20220102
In base 9, what is 438608 - 3?
438605
In base 9, what is 11711 - 3?
11707
In base 6, what is -1 - 1350334?
-1350335
In base 3, what is 102 - -2001212200?
2001220002
In base 6, what is 3202450 - 50?
3202400
In base 5, what is -23 - -211232?
211204
In base 2, what is 100 - 1111000000001000?
-1111000000000100
In base 10, what is 2780 - 56?
2724
In base 4, what is 1011 - -122?
1133
In base 12, what is 9a1 - 11?
990
In base 3, what is -211020210 + -21?
-211021001
In base 9, what is -134 - 46?
-181
In base 9, what is -3 - -83374?
83371
In base 10, what is -13 - 113118?
-113131
In base 14, what is -1ad + -b?
-1ba
In base 9, what is -5 - 7124?
-7130
In base 2, what is -101010001111 + 11?
-101010001100
In base 8, what is 35 + -1750?
-1713
In base 14, what is 3 + 3cd4a?
3cd4d
In base 15, what is 807e - -2?
8081
In base 12, what is -5 + 196a?
1965
In base 2, what is -1100 - 10110101?
-11000001
In base 16, what is 18 + -630?
-618
In base 5, what is -130344 + -223?
-131122
In base 11, what is -1a62 + 2a?
-1a33
In base 4, what is 1122100 - 13213?
1102221
In base 10, what is -2 - 681696?
-681698
In base 2, what is 1101001110011 + 1001110?
1101011000001
In base 3, what is 1 - -10220001121?
10220001122
In base 2, what is 1101111111 - -1101001101?
11011001100
In base 13, what is 4 - 1588?
-1584
In base 8, what is -4 - -140253?
140247
In base 8, what is -25315 + -14?
-25331
In base 6, what is 104152152 - -1?
104152153
In base 2, what is -1000011010011101 + 100?
-1000011010011001
In base 2, what is -11000111011000011 - 10?
-11000111011000101
In base 14, what is -6438 - 1c?
-6456
In base 9, what is -50778 + -5?
-50784
In base 2, what is 100100111000000111 + 11?
100100111000001010
In base 7, what is -46 + 2222?
2143
In base 14, what is 3907 - 225?
36c2
In base 7, what is -2036 - -110?
-1626
In base 13, what is 38a86 + c?
38a95
In base 10, what is -27534 - -3?
-27531
In base 16, what is -9f95 - 6?
-9f9b
In base 4, what is 3231210 - 23?
3231121
In base 3, what is 2120120102 + -1120?
2120111212
In base 4, what is -1 + -12000110?
-12000111
In base 13, what is 1 + 97419?
9741a
In base 10, what is 18807 - 67?
18740
In base 6, what is -155 - 0?
-155
In base 9, what is 22873 + -55?
22817
In base 14, what is -40d + c3c?
82d
In base 4, what is -2230233 - -1?
-2230232
In base 4, what is -32132 - -332322?
300130
In base 13, what is -4534 - 72?
-45a6
In base 14, what is b + 17c?
189
In base 3, what is 10122102222 + 21?
10122110020
In base 16, what is 1 + 2f90f?
2f910
In base 4, what is 1 + 131120121?
131120122
In base 4, what is -2333132 - -321?
-2332211
In base 3, what is -2 - -12120110112?
12120110110
In base 6, what is -111001 - -3?
-110554
In base 13, what is -1c3 - 482?
-675
In base 12, what is -16921 + -10?
-16931
In base 11, what is 91a2 + -18?
9185
In base 3, what is 11 + 211122?
211210
In base 15, what is -3 - 45c3c?
-45c40
In base 10, what is -54 - 148?
-202
In base 11, what is -1 + -151a0?
-151a1
In base 16, what is 9 + 46e8?
46f1
In base 10, what is 2 - -170944?
170946
In base 15, what is 7b01 + -4?
7aec
In base 14, what is 123 + 2cc?
411
In base 7, what is 2 - -1000512?
1000514
In base 16, what is 8f64 + 13?
8f77
In base 8, what is -27572 + 2?
-27570
In base 13, what is 20c + 9?
218
In base 6, what is 3 + 33044325?
33044332
In base 14, what is 28a4 - 23?
2881
In base 2, what is -110 + 1010110101111111?
1010110101111001
In base 9, what is 6 + 44234?
44241
In base 10, what is 4 + -1803?
-1799
In base 11, what is -4 + -18112?
-18116
In base 3, what is 2 + -20010110?
-20010101
In base 16, what is -1d58d + -4?
-1d591
In base 13, what is 2a0a - 118?
28c2
In base 12, what is -74685 + 3?
-74682
In base 16, what is -13 - 7e97?
-7eaa
In base 8, what is 227210 - 50?
227140
In base 8, what is 2253 - 45?
2206
In base 16, what is 8 - -426?
42e
In base 11, what is 4 - -1801?
1805
In base 15, what is 6 - 86a?
-864
In base 8, what is 105054 + 223?
105277
In base 12, what is -39a2 - -a?
-3994
In base 11, what is 1011 + 100?
1111
In base 4, what is 102013321 + 3?
102013330
In base 9, what is 2458 - 51?
2407
In base 10, what is -1286 + -13?
-1299
In base 8, what is -227 + -406?
-635
In base 10, what is -18 + 27578?
27560
In base 14, what is -1b3a8 + -4?
-1b3ac
In base 14, what is a + c934?
c940
In base 11, what is -35641a + 11?
-356409
In base 13, what is -5 + -157a?
-1582
In base 4, what is 13033313 - 1?
13033312
In base 16, what is 8de - -302?
be0
In base 11, what is 3 - 405178?
-405175
In base 2, what is 11 - -11110000011011000?
11110000011011011
In base 10, what is -87078 - -2?
-87076
In base 8, what is 21700 - 4?
21674
In base 3, what is 2 + 1101000200?
1101000202
In base 7, what is 4052 + 15?
4100
In base 2, what is 1 + -110100111011100?
-110100111011011
In base 9, what is 82 + -51485?
-51403
In base 12, what is -2687 - -6?
-2681
In base 6, what is 21303 - 325?
20534
In base 11, what is 3 + 2117a8?
211800
In base 14, what is 86 - 11b49?
-11aa3
In base 3, what is -201120110 - -2?
-201120101
In base 2, what is -111011 - 10001000111?
-10010000010
In base 15, what is 7d - 6ca6?
-6c28
In base 7, what is 3 - 6036?
-6033
In base 15, what is 11e535 - 1?
11e534
In base 7, what is -652600 - 10?
-652610
In base 12, what is -1 + 6684?
6683
In base 9, what is -207 - 67?
-275
In base 15, what is -13a25 - 6?
-13a2b
In base 3, what is 21101010201222 + -10?
21101010201212
In base 5, what is 0 + -331340?
-331340
In base 15, what is 4 - -773?
777
In base 9, what is -41377 + 3?
-41374
In base 7, what is -1061 - -22?
-1036
In base 13, what is 42 - 4a?
-8
In base 12, what is -1050 - 13?
-1063
In base 11, what is 0 - -16254?
16254
In base 3, what is -11 + 1102021201000?
1102021200212
In base 15, what is 8 + -163d?
-1635
In base 3, what is 221 + -121022100?
-121021102
In base 4, what is -202 + -121133?
-122001
In base 5, what is 240 - -103132?
103422
In base 2, what is 0 + 11100101111?
11100101111
In base 14, what is 15 - 192c0?
-192a9
In base 4, what is -3002130 + 1132?
-3000332
In base 16, what is -c53d + -20?
-c55d
In base 4, what is -1012013222 + -3?
-1012013231
In base 5, what is 32240301 + -10?
32240241
In base 3, what is 102020212000 + 0?
102020212000
In base 13, what is -2 + 1822c?
1822a
In base 14, what is cca4 - 32?
cc72
In base 6, what is 5 - -403105?
403114
In base 7, what is -204521 - -11?
-204510
In base 9, what is 55 + -684?
-628
In base 13, what is -57180 + -6?
-57186
In base 10, what is 5553 - -420?
5973
In base 2, what is -100001 + 1011101010?
1011001001
In base 2, what is 1100000011 - -10001?
1100010100
In base 7, what is -10462 + -4?
-10466
In base 12, what is -227 + -127?
-352
In base 8, what is -11 - 5445?
-5456
In base 14, what is -5 - -13578c?
135787
In base 12, what is -b793a4 + -5?
-b793a9
In base 10, what is 60 - 1045?
-985
In base 6, what is 5135 - -11021?
20200
In base 10, what is 86 - 6642?
-6556
In base 9, what is -1516 + -31?
-1547
In base 16, what is 6 - 5c91?
-5c8b
In base 7, what is 32 + 141?
203
In base 11, what is -2010 - -50?
-1a70
In base 8, what is 1164266 - 0?
1164266
I